820?
2, 5, 17, 19
List the prime factors of 2436.
2, 3, 7, 29
List the prime factors of 2645.
5, 23
What are the prime factors of 512?
2
List the prime factors of 32180.
2, 5, 1609
What are the prime factors of 715?
5, 11, 13
What are the prime factors of 10835?
5, 11, 197
What are the prime factors of 45792?
2, 3, 53
What are the prime factors of 7168?
2, 7
List the prime factors of 7262.
2, 3631
What are the prime factors of 537?
3, 179
What are the prime factors of 314?
2, 157
List the prime factors of 894.
2, 3, 149
List the prime factors of 34341.
3, 11447
What are the prime factors of 9224?
2, 1153
What are the prime factors of 967?
967
List the prime factors of 50931.
3, 5659
What are the prime factors of 923?
13, 71
List the prime factors of 6690.
2, 3, 5, 223
List the prime factors of 9186.
2, 3, 1531
List the prime factors of 1291.
1291
List the prime factors of 157996.
2, 39499
What are the prime factors of 1820?
2, 5, 7, 13
List the prime factors of 6784.
2, 53
List the prime factors of 28354.
2, 14177
List the prime factors of 2647.
2647
List the prime factors of 16831.
16831
What are the prime factors of 13667?
79, 173
What are the prime factors of 7174?
2, 17, 211
What are the prime factors of 63909?
3, 263
List the prime factors of 10874.
2, 5437
List the prime factors of 5855.
5, 1171
What are the prime factors of 48909?
3, 7, 17, 137
What are the prime factors of 4350?
2, 3, 5, 29
What are the prime factors of 33345?
3, 5, 13, 19
What are the prime factors of 93799?
97, 967
List the prime factors of 2036.
2, 509
What are the prime factors of 14476?
2, 7, 11, 47
What are the prime factors of 2192?
2, 137
List the prime factors of 11027.
11027
List the prime factors of 8510.
2, 5, 23, 37
What are the prime factors of 9633?
3, 13, 19
List the prime factors of 3442.
2, 1721
List the prime factors of 3758.
2, 1879
List the prime factors of 1435.
5, 7, 41
What are the prime factors of 4967?
4967
What are the prime factors of 607?
607
What are the prime factors of 1973?
1973
List the prime factors of 2134.
2, 11, 97
List the prime factors of 92898.
2, 3, 13, 397
What are the prime factors of 999?
3, 37
List the prime factors of 1048.
2, 131
List the prime factors of 18318.
2, 3, 43, 71
List the prime factors of 1592.
2, 199
List the prime factors of 127115.
5, 25423
List the prime factors of 1406.
2, 19, 37
List the prime factors of 3298.
2, 17, 97
List the prime factors of 1194.
2, 3, 199
List the prime factors of 161.
7, 23
What are the prime factors of 463?
463
List the prime factors of 639.
3, 71
List the prime factors of 47636.
2, 11909
List the prime factors of 843.
3, 281
What are the prime factors of 1022?
2, 7, 73
What are the prime factors of 934?
2, 467
List the prime factors of 447.
3, 149
What are the prime factors of 3880?
2, 5, 97
List the prime factors of 5140.
2, 5, 257
What are the prime factors of 2780?
2, 5, 139
List the prime factors of 3866.
2, 1933
List the prime factors of 54673.
54673
List the prime factors of 90641.
90641
What are the prime factors of 8170?
2, 5, 19, 43
List the prime factors of 3987.
3, 443
What are the prime factors of 381?
3, 127
What are the prime factors of 30388?
2, 71, 107
List the prime factors of 3659.
3659
What are the prime factors of 8434?
2, 4217
List the prime factors of 3432.
2, 3, 11, 13
What are the prime factors of 3931?
3931
List the prime factors of 1871.
1871
What are the prime factors of 1329?
3, 443
What are the prime factors of 5715?
3, 5, 127
List the prime factors of 37778.
2, 13, 1453
What are the prime factors of 3045?
3, 5, 7, 29
List the prime factors of 40696.
2, 5087
What are the prime factors of 252?
2, 3, 7
List the prime factors of 623.
7, 89
List the prime factors of 4615.
5, 13, 71
List the prime factors of 1404.
2, 3, 13
List the prime factors of 1400.
2, 5, 7
List the prime factors of 895.
5, 179
What are the prime factors of 316?
2, 79
What are the prime factors of 28824?
2, 3, 1201
List the prime factors of 17353.
7, 37, 67
List the prime factors of 2565.
3, 5, 19
List the prime factors of 13688.
2, 29, 59
List the prime factors of 3483.
3, 43
What are the prime factors of 4228?
2, 7, 151
List the prime factors of 9507.
3, 3169
What are the prime factors of 385?
5, 7, 11
List the prime factors of 107870.
2, 5, 7, 23, 67
What are the prime factors of 2585?
5, 11, 47
What are the prime factors of 29416?
2, 3677
List the prime factors of 59175.
3, 5, 263
What are the prime factors of 3417?
3, 17, 67
List the prime factors of 5492.
2, 1373
List the prime factors of 6459.
3, 2153
What are the prime factors of 1990?
2, 5, 199
List the prime factors of 17744.
2, 1109
What are the prime factors of 2706?
2, 3, 11, 41
List the prime factors of 10282.
2, 53, 97
List the prime factors of 9.
3
What are the prime factors of 22614?
2, 3, 3769
List the prime factors of 2264.
2, 283
List the prime factors of 90661.
17, 5333
What are the prime factors of 1068?
2, 3, 89
What are the prime factors of 1642?
2, 821
What are the prime factors of 759?
3, 11, 23
List the prime factors of 2408.
2, 7, 43
What are the prime factors of 71810?
2, 5, 43, 167
List the prime factors of 4057.
4057
What are the prime factors of 3176?
2, 397
List the prime factors of 6380.
2, 5, 11, 29
What are the prime factors of 10927?
7, 223
What are the prime factors of 1287?
3, 11, 13
List the prime factors of 3050.
2, 5, 61
What are the prime factors of 688?
2, 43
List the prime factors of 39265.
5, 7853
What are the prime factors of 492?
2, 3, 41
List the prime factors of 1300.
2, 5, 13
List the prime factors of 1752.
2, 3, 73
What are the prime factors of 1215?
3, 5
List the prime factors of 28335.
3, 5, 1889
List the prime factors of 6387.
3, 2129
List the prime factors of 722.
2, 19
What are the prime factors of 72917?
13, 71, 79
What are the prime factors of 19847?
89, 223
What are the prime factors of 1624?
2, 7, 29
What are the prime factors of 4757?
67, 71
What are the prime factors of 488?
2, 61
List the prime factors of 87588.
2, 3, 811
List the prime factors of 1072.
2, 67
List the prime factors of 678.
2, 3, 113
What are the prime factors of 851?
23, 37
What are the prime factors of 443?
443
List the prime factors of 1113.
3, 7, 53
What are the prime factors of 24035?
5, 11, 19, 23
List the prime factors of 42788.
2, 19, 563
List the prime factors of 230.
2, 5, 23
List the prime factors of 534.
2, 3, 89
List the prime factors of 5581.
5581
List the prime factors of 4318.
2, 17, 127
List the prime factors of 875.
5, 7
List the prime factors of 147894.
2, 3, 157
List the prime factors of 142844.
2, 13, 41, 67
What are the prime factors of 4994?
2, 11, 227
List the prime factors of 103987.
13, 19, 421
What are the prime factors of 3792?
2, 3, 79
What are the prime factors of 2213?
2213
List the prime factors of 43035.
3, 5, 19, 151
List the prime factors of 677.
677
List the prime factors of 10884.
2, 3, 907
List the prime factors of 1545.
3, 5, 103
What are the prime factors of 69786?
2, 3, 3877
List the prime factors of 921.
3, 307
What are the prime factors of 17919?
3, 11, 181
What are the prime factors of 1601?
1601
What are the prime factors of 193?
193
What are the prime factors of 2381?
2381
List the prime factors of 12601.
12601
List the prime factors of 74209.
74209
List the prime factors of 31467.
3, 17, 617
List the prime factors of 161.
7, 23
List the prime factors of 8913.
3, 2971
List the prime factors of 6965.
5, 7, 199
List the prime factors of 130632.
2, 3, 5443
What are the prime factors of 33?
3, 11
What are the prime factors of 1549?
1549
List the prime factors of 52725.
3, 5, 19, 37
List the prime factors of 8960.
2, 5, 7
List the prime factors of 15900.
2, 3, 5, 53
List the prime factors of 33950.
2, 5, 7, 97
List the prime factors of 8477.
7, 173
What are the prime factors of 4177?
4177
What are the prime factors of 343?
7
List the prime factors of 17611.
11, 1601
What are the prime factors of 62427?
3, 20809
What are the prime factors of 5173?
7, 739
What are the prime factors of 7906?
2, 59, 67
List the prime factors of 1054.
2, 17, 31
List the prime factors of 7547.
7547
What are the prime factors of 3933?
3, 19, 23
What are the prime factors of 980?
2, 5